number?
True
Is 283861789 a prime number?
False
Is 1324392418 a composite number?
True
Is 1412241557 a composite number?
True
Is 43131128459 composite?
True
Is 65399891 prime?
False
Is 3012927899 composite?
False
Is 78854990171 a composite number?
True
Is 9437561971 a composite number?
True
Is 558434831 composite?
True
Is 4063192459 a prime number?
False
Is 109560123331 composite?
True
Is 69315867587 a composite number?
False
Is 20677896209 prime?
False
Is 13949017807 prime?
True
Is 279495021335 prime?
False
Is 3621703 a prime number?
False
Is 447417239 a composite number?
True
Is 14892659065 a prime number?
False
Is 10169275031 a prime number?
True
Is 13322309926 composite?
True
Is 579575561 prime?
False
Is 4515256597 a composite number?
True
Is 374931937 prime?
False
Is 150066571747 prime?
True
Is 8555372083 a composite number?
True
Is 211875193 composite?
False
Is 584800171 a composite number?
True
Is 788599219 a composite number?
True
Is 2402665247 prime?
True
Is 2820905069 a composite number?
False
Is 22101863437 composite?
False
Is 87753893977 a composite number?
False
Is 85919926123 a prime number?
True
Is 6746370199 a prime number?
False
Is 797791837 a composite number?
True
Is 88058864129 composite?
True
Is 225371983 prime?
False
Is 583961119 composite?
True
Is 973774243 a prime number?
False
Is 2127780923 prime?
True
Is 96748973 a composite number?
True
Is 3011229997 composite?
True
Is 2436546809 a prime number?
False
Is 2196484403 a composite number?
True
Is 482115251 a composite number?
False
Is 18579077003 composite?
False
Is 33057216481 prime?
False
Is 3893898001 a composite number?
True
Is 877505977 prime?
True
Is 3329058977 prime?
True
Is 1944054517 prime?
True
Is 8359836523 a prime number?
True
Is 20307507941 a composite number?
True
Is 4312141033 composite?
True
Is 4642936021 composite?
False
Is 72846265 a prime number?
False
Is 35922880031 a composite number?
True
Is 4392799589 a composite number?
False
Is 14278907183 a composite number?
False
Is 977614369 a composite number?
True
Is 2065155517 a composite number?
True
Is 1502552551 prime?
False
Is 16611359939 prime?
False
Is 8042967983 composite?
True
Is 13638142831 composite?
False
Is 9184219459 composite?
False
Is 5249158987 a prime number?
False
Is 3374605547 a prime number?
False
Is 13529823661 composite?
True
Is 8282612081 prime?
False
Is 19882115851 a composite number?
True
Is 41540461093 composite?
False
Is 36988817059 a prime number?
True
Is 15783645697 composite?
False
Is 9503937581 a composite number?
True
Is 24546773393 a composite number?
True
Is 3058809151 a composite number?
False
Is 152342314369 a composite number?
True
Is 2319286159 a prime number?
True
Is 21606114353 a composite number?
False
Is 7208356487 a prime number?
True
Is 429641299 a prime number?
False
Is 345850903 composite?
True
Is 28084162801 a prime number?
True
Is 9622439543 a prime number?
False
Is 221021011033 a composite number?
False
Is 66766362959 prime?
True
Is 24789571 a composite number?
False
Is 8416803523 a composite number?
False
Is 7441824779 composite?
False
Is 162031421 composite?
False
Is 637321235 prime?
False
Is 6257855015 a prime number?
False
Is 8727918037 a prime number?
False
Is 10814195521 a prime number?
True
Is 7703599565 prime?
False
Is 12240231787 composite?
True
Is 80474819 composite?
False
Is 10530674801 a prime number?
True
Is 565307921 composite?
True
Is 123828877 a composite number?
False
Is 1156929253 a composite number?
True
Is 852220939 composite?
True
Is 701048983 a composite number?
True
Is 390439537 composite?
False
Is 1027206458 prime?
False
Is 768440407 a composite number?
True
Is 763054889 prime?
True
Is 1340492107 composite?
True
Is 20518398007 a prime number?
False
Is 73723972561 prime?
True
Is 2083447 a composite number?
True
Is 594753139 a prime number?
True
Is 27445508927 composite?
True
Is 11219284289 composite?
False
Is 479971813 a prime number?
True
Is 147649163 prime?
True
Is 10409684731 a composite number?
False
Is 376806143 a prime number?
False
Is 1197251981 a composite number?
False
Is 7581587473 a composite number?
True
Is 290787733 a composite number?
True
Is 24780213001 prime?
True
Is 1715368303 a prime number?
False
Is 1250967859 a composite number?
False
Is 471821627 prime?
True
Is 523193777 composite?
False
Is 20797244021 prime?
False
Is 3708991061 a composite number?
True
Is 12153593041 prime?
False
Is 31653044971 a composite number?
False
Is 783679801 composite?
False
Is 12820451071 a prime number?
True
Is 490511443 a composite number?
True
Is 206455561 composite?
True
Is 138829631933 a prime number?
False
Is 8768398781 a composite number?
False
Is 24575220807 prime?
False
Is 1069463233 a composite number?
True
Is 94173274513 composite?
False
Is 1884799859 composite?
False
Is 274678997 a prime number?
True
Is 8352614207 a prime number?
False
Is 68754870203 a composite number?
False
Is 2681784551 prime?
False
Is 13588468913 a prime number?
True
Is 3276022049 prime?
True
Is 394386269 prime?
True
Is 728442543 a composite number?
True
Is 30189464651 a prime number?
True
Is 490444943 composite?
True
Is 981115183 a prime number?
False
Is 180888259 prime?
False
Is 6245937557 prime?
True
Is 5140116461 a composite number?
False
Is 8122729 a prime number?
True
Is 69719611 composite?
True
Is 2381469287 a prime number?
True
Is 1448700937 a prime number?
True
Is 47950420093 composite?
False
Is 3369194957 a composite number?
False
Is 3347246069 composite?
False
Is 12636944657 a composite number?
True
Is 325911073 a composite number?
False
Is 446764441 composite?
False
Is 11824326181 a prime number?
True
Is 50921257019 a prime number?
True
Is 401303417 a prime number?
True
Is 3925569317 composite?
False
Is 7738007209 a prime number?
False
Is 5417363671 prime?
True
Is 898407739 composite?
False
Is 43960755269 a prime number?
True
Is 4523295659 prime?
False
Is 519541188971 a composite number?
True
Is 671706293 a prime number?
False
Is 45025284529 a composite number?
False
Is 831272989 composite?
False
Is 56343574669 prime?
True
Is 2520543029 composite?
True
Is 48557507 prime?
True
Is 1525359443 a prime number?
True
Is 132929516711 prime?
True
Is 48121784351 a composite number?
True
Is 5330584009 composite?
True
Is 27715599335 a prime number?
False
Is 204436801 composite?
False
Is 4629757559 prime?
False
Is 81389603 a composite number?
True
Is 75242926013 prime?
False
Is 3497777669 a composite number?
False
Is 114277920341 composite?
True
Is 9335217323 prime?
False
Is 174102937 a composite number?
False
Is 463010299 prime?
True
Is 5547079113 a prime number?
False
Is 207269313937 composite?
True
Is 138491765051 a prime number?
True
Is 256089473 prime?
True
Is 135637280329 a composite number?
False
Is 5973998935 composite?
True
Is 4128226391 composite?
False
Is 4863729757 a prime number?
False
Is 2997042077 prime?
False
Is 593328193 a composite number?
False
Is 7856247643 composite?
False
Is 201280501 a composite number?
False
Is 832446169 composite?
False
Is 543670661 a prime number?
False
Is 2028491677 a prime number?
True
Is 2601320863 composite?
True
Is 11745645529 a prime number?
True
Is 1631748701 composite?
True
Is 323472029 a composite number?
False
Is 32778685421 a composite number?
False
Is 1314496081 composite?
False
Is 5298229567 a composite number?
False
Is 35800087273 a prime number?
True
Is 3296627771 composite?
True
Is 9698450743 prime?
True
Is 157736180243 composite?
False
Is 108392219263 composite?
False
Is 70891275979 prime?
True
Is 27918096853 prime?
True
Is 42762402389 prime?
False
Is 3857228051 composite?
False
Is 59503414591 a prime number?
False
Is 16108645403 a prime number?
True
Is 8145066667 a composite number?
True
Is 13791456571 a composite number?
True
Is 6538596127 composite?
True
Is 1553256839 composite?
False
Is 20775905429 a composite number?
False
Is 254039503 prime?
True
Is 1942490483 a composite number?
True
Is 6677769181 a composite number?
False
Is 3416197139 composite?
True
Is 56592069011 composite?
True
Is 4532915533 a prime number?
True
Is 2589736574 prime?
False
Is 200651483 prime?
True
Is 40221592201 prime?
False
Is 501089647 a composite number?
False
Is 423814224235 composite?
True
Is 566378815 a composi